or of 232 and 261?
29
Calculate the greatest common factor of 7 and 54313.
7
Calculate the greatest common divisor of 185 and 25345.
185
Calculate the greatest common factor of 376 and 176.
8
Calculate the greatest common factor of 51 and 1088.
17
What is the highest common divisor of 9485 and 35?
35
What is the highest common divisor of 99 and 22?
11
What is the highest common divisor of 2 and 1438?
2
Calculate the highest common factor of 204 and 24.
12
What is the highest common factor of 30 and 1878?
6
Calculate the highest common divisor of 336 and 210.
42
What is the greatest common factor of 16 and 2000?
16
Calculate the highest common divisor of 1734 and 136.
34
What is the greatest common divisor of 2100 and 63?
21
What is the highest common factor of 32 and 1576?
8
What is the greatest common factor of 10 and 225?
5
What is the greatest common factor of 1287 and 1001?
143
What is the greatest common divisor of 12 and 246?
6
Calculate the highest common divisor of 2774 and 38.
38
What is the greatest common divisor of 475 and 4775?
25
What is the highest common divisor of 36 and 747?
9
What is the highest common divisor of 2771 and 17?
17
Calculate the greatest common divisor of 2714 and 118.
118
What is the highest common divisor of 472 and 3658?
118
What is the highest common factor of 239 and 21271?
239
Calculate the greatest common factor of 514 and 2.
2
Calculate the greatest common factor of 209 and 11.
11
Calculate the greatest common factor of 132 and 24.
12
What is the highest common divisor of 29 and 14761?
29
What is the highest common divisor of 60 and 384?
12
Calculate the greatest common factor of 26 and 8.
2
Calculate the highest common factor of 432 and 2640.
48
Calculate the greatest common factor of 182 and 175.
7
What is the greatest common factor of 776 and 9215?
97
What is the highest common divisor of 27 and 459?
27
Calculate the highest common factor of 41 and 23821.
41
What is the greatest common divisor of 28 and 4?
4
Calculate the greatest common factor of 1774 and 14.
2
Calculate the greatest common factor of 205 and 123.
41
Calculate the greatest common factor of 444 and 7844.
148
Calculate the greatest common factor of 4 and 163.
1
What is the highest common divisor of 57 and 6?
3
What is the highest common divisor of 77 and 33572?
77
Calculate the highest common divisor of 43 and 1247.
43
What is the highest common factor of 430 and 30?
10
Calculate the highest common divisor of 302 and 1661.
151
What is the highest common divisor of 26 and 1599?
13
Calculate the greatest common divisor of 5293 and 67.
67
Calculate the highest common factor of 1485 and 10.
5
What is the greatest common divisor of 7544 and 184?
184
Calculate the highest common factor of 590 and 354.
118
Calculate the highest common divisor of 88 and 24.
8
What is the highest common divisor of 78 and 897?
39
Calculate the greatest common factor of 22 and 990.
22
Calculate the greatest common divisor of 5 and 80.
5
What is the highest common factor of 3072 and 48?
48
What is the highest common divisor of 356 and 178?
178
What is the greatest common factor of 66 and 150?
6
Calculate the greatest common divisor of 1122 and 1386.
66
What is the greatest common factor of 88 and 154?
22
Calculate the highest common factor of 2414 and 142.
142
Calculate the greatest common factor of 184 and 598.
46
Calculate the greatest common factor of 1932 and 896.
28
What is the greatest common divisor of 38 and 114?
38
Calculate the greatest common divisor of 99 and 36.
9
What is the highest common factor of 3249 and 152?
19
Calculate the greatest common factor of 775 and 25.
25
What is the highest common divisor of 728 and 756?
28
Calculate the highest common factor of 234 and 27.
9
Calculate the highest common divisor of 18799 and 33.
11
Calculate the greatest common factor of 1428 and 1736.
28
What is the highest common divisor of 29630 and 20?
10
What is the greatest common divisor of 472 and 177?
59
Calculate the greatest common factor of 135 and 2445.
15
Calculate the greatest common divisor of 7 and 14406.
7
What is the greatest common factor of 176 and 968?
88
Calculate the highest common divisor of 559 and 129.
43
What is the highest common divisor of 24 and 78?
6
Calculate the highest common factor of 64 and 1600.
64
What is the greatest common factor of 153 and 81?
9
What is the greatest common divisor of 249 and 81?
3
What is the greatest common factor of 528 and 120?
24
Calculate the highest common factor of 96 and 3312.
48
What is the highest common divisor of 160 and 545?
5
What is the greatest common factor of 21905 and 13?
13
Calculate the greatest common divisor of 180 and 24.
12
Calculate the greatest common factor of 16 and 16.
16
Calculate the greatest common factor of 5 and 265.
5
Calculate the greatest common divisor of 495 and 45.
45
Calculate the highest common factor of 48 and 228.
12
Calculate the highest common divisor of 312 and 408.
24
Calculate the highest common factor of 4361 and 1323.
49
What is the greatest common divisor of 57 and 8626?
19
Calculate the highest common divisor of 9 and 144.
9
Calculate the highest common factor of 308 and 784.
28
Calculate the highest common factor of 320 and 2752.
64
What is the greatest common divisor of 15458 and 472?
118
Calculate the highest common factor of 7598 and 232.
58
Calculate the highest common divisor of 11 and 118767.
11
What is the greatest common factor of 477 and 105?
3
What is the highest common factor of 2346 and 12?
6
What is the greatest common factor of 85 and 1241?
17
Calculate the highest common factor of 51 and 119.
17
Calculate the highest common divisor of 1800 and 612.
36
What is the greatest common factor of 14 and 27?
1
Calculate the greatest common factor of 142 and 2.
2
Calculate the highest common factor of 282 and 6.
6
What is the highest common factor of 78 and 30?
6
What is the greatest common divisor of 344 and 56?
8
Calculate the greatest common factor of 1611 and 99.
9
Calculate the highest common factor of 713 and 31.
31
Calculate the greatest common factor of 4 and 316.
4
What is the greatest common factor of 3060 and 160?
20
What is the highest common factor of 8 and 10?
2
What is the greatest common factor of 750 and 6250?
250
What is the highest common divisor of 13 and 715?
13
What is the highest common factor of 899 and 29?
29
Calculate the greatest common factor of 113 and 1808.
113
Calculate the greatest common divisor of 14344 and 88.
88
Calculate the greatest common factor of 110 and 2288.
22
What is the greatest common factor of 33712 and 224?
112
Calculate the highest common factor of 748 and 136.
68
Calculate the greatest common factor of 868 and 196.
28
What is the highest common factor of 22 and 22?
22
What is the highest common divisor of 110 and 80?
10
Calculate the highest common divisor of 297 and 27.
27
Calculate the greatest common divisor of 36 and 153.
9
Calculate the greatest common factor of 18 and 111.
3
What is the greatest common factor of 1582 and 8362?
226
Calculate the highest common divisor of 1675 and 75.
25
Calculate the greatest common factor of 381 and 27.
3
Calculate the highest common factor of 1100 and 75.
25
What is the highest common divisor of 98 and 4018?
98
What is the highest common factor of 384 and 48?
48
Calculate the highest common factor of 24 and 16.
8
Calculate the greatest common divisor of 830 and 498.
166
Calculate the greatest common factor of 81 and 369.
9
What is the greatest common factor of 159 and 10176?
159
Calculate the greatest common divisor of 13 and 18044.
13
Calculate the highest common divisor of 252 and 36.
36
What is the greatest common factor of 296 and 1369?
37
What is the highest common factor of 2095 and 5?
5
What is the greatest common divisor of 185 and 407?
37
Calculate the highest common factor of 204 and 2703.
51
Calculate the greatest common divisor of 790 and 20.
10
Calculate the highest common divisor of 448 and 14.
14
What is the greatest common factor of 77 and 451?
11
What is the highest common factor of 232 and 377?
29
What is the highest common divisor of 147 and 84?
21
Calculate the greatest common factor of 24 and 73704.
24
What is the highest common factor